en 1714 is divided by 498.
220
What is the remainder when 16630 is divided by 201?
148
What is the remainder when 1055096 is divided by 398?
396
What is the remainder when 24440 is divided by 39?
26
Calculate the remainder when 1027 is divided by 353.
321
Calculate the remainder when 18545 is divided by 976.
1
What is the remainder when 135949 is divided by 498?
493
What is the remainder when 326191 is divided by 29?
28
What is the remainder when 6519 is divided by 2161?
36
What is the remainder when 30671 is divided by 464?
47
What is the remainder when 604342 is divided by 90?
82
What is the remainder when 4871 is divided by 354?
269
What is the remainder when 1412 is divided by 542?
328
What is the remainder when 55467 is divided by 692?
107
What is the remainder when 2909 is divided by 41?
39
Calculate the remainder when 2938 is divided by 959.
61
What is the remainder when 2448 is divided by 262?
90
What is the remainder when 41348 is divided by 21?
20
What is the remainder when 1600321 is divided by 19?
8
Calculate the remainder when 5577 is divided by 121.
11
Calculate the remainder when 150689 is divided by 202.
199
What is the remainder when 7560 is divided by 1823?
268
Calculate the remainder when 2248 is divided by 736.
40
Calculate the remainder when 79866 is divided by 41.
39
What is the remainder when 203556 is divided by 6566?
10
What is the remainder when 64659 is divided by 10?
9
What is the remainder when 18559 is divided by 29?
28
What is the remainder when 1413 is divided by 184?
125
What is the remainder when 8917 is divided by 479?
295
What is the remainder when 354 is divided by 24?
18
Calculate the remainder when 24891 is divided by 6216.
27
Calculate the remainder when 61067 is divided by 157.
151
What is the remainder when 105946 is divided by 35201?
343
What is the remainder when 138592 is divided by 488?
0
What is the remainder when 4583 is divided by 136?
95
What is the remainder when 8248 is divided by 580?
128
Calculate the remainder when 381191 is divided by 45.
41
What is the remainder when 759561 is divided by 702?
699
What is the remainder when 26787 is divided by 130?
7
What is the remainder when 5555 is divided by 4982?
573
What is the remainder when 2736 is divided by 15?
6
What is the remainder when 7292 is divided by 3556?
180
What is the remainder when 6690 is divided by 54?
48
What is the remainder when 4484 is divided by 442?
64
Calculate the remainder when 991235 is divided by 17.
16
Calculate the remainder when 839 is divided by 831.
8
Calculate the remainder when 6388 is divided by 142.
140
What is the remainder when 374 is divided by 32?
22
What is the remainder when 80 is divided by 67?
13
Calculate the remainder when 124922 is divided by 24983.
7
Calculate the remainder when 150917 is divided by 392.
389
What is the remainder when 13109 is divided by 40?
29
Calculate the remainder when 11973 is divided by 3967.
72
Calculate the remainder when 22940 is divided by 1100.
940
What is the remainder when 4166 is divided by 139?
135
Calculate the remainder when 2626 is divided by 72.
34
What is the remainder when 2282851 is divided by 169?
168
What is the remainder when 257556 is divided by 21?
12
Calculate the remainder when 2068968 is divided by 91.
83
Calculate the remainder when 4095 is divided by 19.
10
Calculate the remainder when 54139 is divided by 15.
4
Calculate the remainder when 14574 is divided by 38.
20
What is the remainder when 9231 is divided by 318?
9
What is the remainder when 8310 is divided by 252?
246
Calculate the remainder when 13210 is divided by 59.
53
What is the remainder when 49944 is divided by 226?
224
What is the remainder when 245722 is divided by 64?
26
What is the remainder when 23121 is divided by 373?
368
Calculate the remainder when 1206 is divided by 100.
6
Calculate the remainder when 42975 is divided by 544.
543
Calculate the remainder when 35055 is divided by 17.
1
Calculate the remainder when 35644 is divided by 26.
24
Calculate the remainder when 9774 is divided by 206.
92
What is the remainder when 1654 is divided by 165?
4
What is the remainder when 12636 is divided by 73?
7
What is the remainder when 40515 is divided by 57?
45
Calculate the remainder when 35414 is divided by 398.
390
What is the remainder when 7289 is divided by 327?
95
What is the remainder when 31796 is divided by 339?
269
What is the remainder when 393222 is divided by 19?
17
What is the remainder when 50308 is divided by 617?
331
Calculate the remainder when 126895 is divided by 90.
85
Calculate the remainder when 6967 is divided by 65.
12
What is the remainder when 98171 is divided by 255?
251
Calculate the remainder when 18071 is divided by 278.
1
What is the remainder when 9036 is divided by 1795?
61
Calculate the remainder when 8080 is divided by 33.
28
Calculate the remainder when 94220 is divided by 137.
101
What is the remainder when 8907 is divided by 150?
57
What is the remainder when 564130 is divided by 8296?
2
What is the remainder when 82754 is divided by 627?
617
Calculate the remainder when 4875 is divided by 806.
39
Calculate the remainder when 893 is divided by 498.
395
Calculate the remainder when 2893694 is divided by 1924.
1922
Calculate the remainder when 14923 is divided by 746.
3
What is the remainder when 7112 is divided by 916?
700
Calculate the remainder when 3265 is divided by 716.
401
What is the remainder when 11023 is divided by 3672?
7
Calculate the remainder when 20786 is divided by 385.
381
Calculate the remainder when 1672781 is divided by 249.
248
Calculate the remainder when 645 is divided by 450.
195
What is the remainder when 21567 is divided by 45?
12
What is the remainder when 194839 is divided by 3608?
7
What is the remainder when 520555 is divided by 86754?
31
What is the remainder when 12577 is divided by 3?
1
What is the remainder when 10385 is divided by 100?
85
What is the remainder when 699376 is divided by 282?
16
Calculate the remainder when 355478 is divided by 2938.
2918
What is the remainder when 558092 is divided by 109?
12
What is the remainder when 1330 is divided by 1309?
21
What is the remainder when 3744 is divided by 581?
258
What is the remainder when 114161 is divided by 1522?
11
Calculate the remainder when 3888 is divided by 33.
27
Calculate the remainder when 160541 is divided by 27.
26
Calculate the remainder when 16547 is divided by 4.
3
What is the remainder when 10515 is divided by 3497?
24
What is the remainder when 6775 is divided by 838?
71
What is the remainder when 31893 is divided by 24?
21
Calculate the remainder when 4544 is divided by 1160.
1064
Calculate the remainder when 46923 is divided by 252.
51
What is the remainder when 4188 is divided by 141?
99
What is the remainder when 1678 is divided by 200?
78
What is the remainder when 950 is divided by 330?
290
What is the remainder when 34826 is divided by 774?
770
What is the remainder when 3666 is divided by 14?
12
What is the remainder when 400075 is divided by 119?
116
Calculate the remainder when 8368 is divided by 29.
16
Calculate the remainder when 120109 is divided by 136.
21
Calculate the remainder when 11849 is divided by 3790.
479
Calculate the remainder when 3108779 is divided by 27.
26
Calculate the remainder when 5429 is divided by 5329.
100
Calculate the remainder when 121915 is divided by 17415.
10
What is the remainder when 1064 is divided by 43?
32
Calculate the remainder when 7208 is divided by 6689.
519
Calculate the remainder when 1715 is divided by 460.
335
What is the remainder when 5978 is divided by 97?
61
What is the remainder when 47659 is divided by 353?
4
Calculate the remainder when 416155 is divided by 77.
47
What is the remainder when 1081 is divided by 60?
1
Calculate the remainder when 13639 is divided by 197.
46
What is the remainder when 532 is divided by 94?
62
What is the remainder when 10057 is divided by 2355?
637
What is the remainder when 195636 is divided by 41?
25
Calculate the remainder when 39788 is divided by 230.
228
What is the remainder when 12304 is divided by 253?
160
Calculate the remainder when 21362 is divided by 7118.
8
Calculate the remainder when 85771 is divided by 28590.
1
Calculate the remainder